{"id":192,"date":"2022-09-21T22:26:48","date_gmt":"2022-09-21T20:26:48","guid":{"rendered":"https:\/\/gerberei-oettrich.de\/gerberei\/?page_id=192"},"modified":"2022-09-22T15:04:48","modified_gmt":"2022-09-22T13:04:48","slug":"artikel-aus-der-presse","status":"publish","type":"page","link":"https:\/\/gerberei-oettrich.de\/gerberei\/index.php\/artikel-aus-der-presse\/","title":{"rendered":"Artikel aus der Presse"},"content":{"rendered":"\n<p>www.mdr.de 05.11.2014<br><strong>Gerberei &#8211; Handwerk mit Tradition<br><\/strong>Die Ledergerberei findet heute noch zum gr\u00f6\u00dften Teil in Asien statt.<br>Doch es gibt auch noch bei uns Fachleute, die mit den traditionellen Gerber-Handwerk seit langer Zeit vertraut.<\/p>\n\n\n\n<p>zdf.de &#8211; drehscheibe 15.10.2014<br><strong>Tradition im Doppelpack: Gerber<\/strong><br>Zwei Br\u00fcder und ein altes Handwerk: Andreas und Manfred Oettrich gerben Felle. Das hat in ihrer Familie Tradition. Seit 200 Jahren.<\/p>\n\n\n\n<p>20.11.2012 &#8211; Handwerkskammer Cottbus<br><strong>Kammer ehrt 186 Meister zum &#8222;Tag des Handwerks&#8220;<br><\/strong>Ein Handwerker, dessen Meisterbrief von der Kammer zum &#8222;Tag des Handwerks&#8220; &#8222;versilbert&#8220; wird, ist Manfred Oettrich aus Doberlug-Kirchhain. Der Gerbermeister ist stolz auf seine Arbeit und seinen Beruf, an dem er die T\u00e4tigkeitsvielfalt besonders sch\u00e4tzt. &#8222;Es gibt nicht mehr viele, die das Gerberhandwerk erlernen. Umso sch\u00f6ner ist es f\u00fcr mich, jetzt zu sehen, dass mein Gewerk in solch einem Rahmen geehrt wird&#8220;, meint Manfred Oettrich, der Felle vom Kaninchen bis zur Kuh zu Pelzen verarbeitet.<\/p>\n\n\n\n<p>27.08.2012 &#8211; Lausitzer Rundschau<br><strong>Finsterwalder S\u00e4ngerfest: &#8222;Was hier abgeht, ist einmalig&#8220;<br><\/strong>Das S\u00e4ngerfest ging sofort in die Vollen. Tanzende, singende und fr\u00f6hlich feiernde Menschen pr\u00e4gten \u00fcberall auf den Stra\u00dfen und vor den B\u00fchnen die Innenstadt. Die gute Stimmung hielt bis zum Sonntagabend an. Besucher staunten: &#8222;Was hier abgeht, ist einmalig!&#8220;<br><a href=\"https:\/\/gerberei-oettrich.de\/gerberei\/index.php\/finsterwalder-saengerfest-was-hier-abgeht-ist-einmalig\/\">zum Artikel<\/a><\/p>\n\n\n\n<p>09.07.2012 &#8211; Lausitzer Rundschau<br><strong>Wie Doki auf die Leinwand kommt<br><\/strong>Was hat eine Filmproduktion mit Doberlug-Kirchhain zu tun? Die sicher schnellste Antwort: Das Kloster der Stadt dient als Kulisse. Eine Vermutung, die nahe liegt, aber nicht zutrifft. Nicht zum ersten Mal kommen Requisiten f\u00fcr einen Streifen aus Doberlug-Kirchhain \u2013 genau genommen aus einer Gerberei der Stadt.<br><a href=\"https:\/\/gerberei-oettrich.de\/gerberei\/index.php\/09-07-2012-lausitzer-rundschau\/\">zum Artikel<\/a><\/p>\n\n\n\n<p>14.02.2011 &#8211; Lausitzer Rundschau<br><strong>Innungslade ist jetzt ein Museumsst\u00fcck<\/strong><br>\u201eIch habe schon immer ein gewisses Fingerspitzengef\u00fchl bewiesen\u201c, kommentierte B\u00fcrgermeister Bodo Broszinski (FDP) am Samstagmittag vor dem Rathaus, dass sich schon nach wenigen Sekunden die Innungslade der Kirchhainer Gerber \u00f6ffnen lie\u00df. Mit zwei Schl\u00fcsseln und ein bisschen Geschick gelangt man an die 200-j\u00e4hrige Gerbergeschichte der Stadt.<br><a href=\"https:\/\/gerberei-oettrich.de\/gerberei\/index.php\/14-02-2011-lausitzer-rundschau\/\">zum Artikel<\/a><\/p>\n\n\n\n<p>11.02.2010 &#8211; Lausitzer Rundschau<br><strong>Zum Schuhmacher, W\u00e4scher und ins Caf\u00e8<\/strong><br>Immer mehr Menschen erkennen den S\u00fcden Brandenburgs als Reiseland. Zu diesem Ergebnis kommt Walter Bayer, der Vorsitzende des G\u00e4stef\u00fchrerrings S\u00fcdbrandenburg\/Nordsachsen, dem etwa 35 anerkannte G\u00e4stef\u00fchrer angeh\u00f6ren. Dieser Tage traf sich der Verein zu seiner ersten Jahrestages 2010 in der S\u00e4ngerstadt.<br><a href=\"https:\/\/gerberei-oettrich.de\/gerberei\/index.php\/11-02-2010-lausitzer-rundschau\/\">zum Artikel<\/a><\/p>\n\n\n\n<p>06.09.2009 &#8211; Tagesspiegel<br><strong>Manfred Platzeck &#8211; Von Heimspiel zu Heimspiel<br><\/strong>Ein echter Gerber, Sachen gibt\u2019s im L\u00e4ndchen! Matthias Platzeck, den selten etwas \u00fcberraschen kann, ist einen Moment lang verbl\u00fcfft.<br><a href=\"https:\/\/gerberei-oettrich.de\/gerberei\/index.php\/06-09-2009-tagesspiegel\/\">zum Artikel<\/a><\/p>\n\n\n\n<p>31.08.2009 &#8211; Lausitzer Rundschau<br><strong>Wie die Gerberei einst die Stadt pr\u00e4gte<\/strong><br>In der Potsdamer Stra\u00dfe bot sich den Festbesuchern zum Stadtfest \u201e775 Jahre Kirchhain\u201c die Chance, den traditionellen Produktionsprozess im Gerberhandwerk nachzuvollziehen. Dazu pr\u00e4sentierten sich die drei verbliebenen Gerbermeister der Stadt sowie ihr Lieferant und Reparateur f\u00fcr Maschinen Hendrik Schulze.<br><a href=\"https:\/\/gerberei-oettrich.de\/gerberei\/index.php\/31-08-2009-lausitzer-rundschau\/\">zum Artikel<\/a><\/p>\n\n\n\n<p>06.05.2009 &#8211; Lausitzer Rundschau<br><strong>Entlang der Klostermauer<br><\/strong>Zum Fr\u00fchlingsfest im Stadtteil Doberlug gab es die zweite Auflage des Gerber- und Klosterstadtlaufes. Die attraktiven Laufstrecken \u00fcber 12,5 km, 7 km, 4,5 km und die Walkingstrecke \u00fcber 6 km f\u00fchrten an der Klostermauer vorbei in den Buchenwald, entlang der Bahnstrecke bis nach Sch\u00f6nborn.<br><a href=\"https:\/\/gerberei-oettrich.de\/gerberei\/index.php\/06-05-2009-lausitzer-rundschau\/\">zum Artikel<\/a><\/p>\n\n\n\n<p>05.05.2009 &#8211; Lausitzer Rundschau<br><strong>L\u00e4ufer und Walker beim Fr\u00fchlingsfest in Doberlug am Start<br><\/strong>Zum Fr\u00fchlingsfest in Doberlug-Kirchhain am kommenden Wochenende findet der 2. Kloster- und Gerberstadtlauf \u201eLaufen f\u00fcr einen guten Zweck\u201c statt.<br><a href=\"https:\/\/gerberei-oettrich.de\/gerberei\/index.php\/06-05-2009-lausitzer-rundschau-2\/\">zum Artikel<\/a><\/p>\n\n\n\n<p>16.09.2008 &#8211; Lausitzer Rundschau<br><strong>Los Alamos geben letztes Konzert in Deutschland bei Christian I.<\/strong><br>Los Alamos lockten mit ihrem Abschlusskonzert in Deutschland weit \u00fcber 200 G\u00e4ste ins Schloss Doberlug. Damit konnten dort zur Zweitauflage der Elbe-Elster-Schl\u00f6ssernacht wesentlich mehr Besucher als bei der Premiere begr\u00fc\u00dft werden.<br><a href=\"https:\/\/gerberei-oettrich.de\/gerberei\/index.php\/16-09-2008-lausitzer-rundschau\/\">zum Artikel<\/a><\/p>\n\n\n\n<p>05.09.2008 &#8211; Lausitzer Rundschau<br><strong>Doberlug-Kirchhain wirbt in K\u00f6nigs Wusterhausen<\/strong><br>Doberlug-Kirchhain. Wenn sich an diesem Wochenende das ganze Land Brandenburg beim 11.\u00a0Brandenburg-Tag in K\u00f6nigs Wusterhausen pr\u00e4sentiert, ist auch die Finsterwalder Region vertreten.<br><a href=\"https:\/\/gerberei-oettrich.de\/gerberei\/index.php\/05-09-2008-lausitzer-rundschau\/\">zum Artikel<\/a><\/p>\n\n\n\n<p>03.09.2008 &#8211; Lausitzer Rundschau<br><strong>Wie im Elbe-Elster-Kreis die Tradition eines alten Handwerks bewahrt wird<\/strong><br><strong>Die Kirchhainer Pelzgerber<br><\/strong>Manfred Oettrich und Paul E. H\u00f6ppner geh\u00f6ren zu den letzten Gerbermeistern in Sachsen und Brandenburg. In Doberlug-Kirchhain (Elbe-Elster) \u2013 dem einstigen Hauptstandort zur industriellen Lederproduktion der DDR \u2013 bewahren sie die Tradition des alten Handwerks.<br><a href=\"https:\/\/gerberei-oettrich.de\/gerberei\/index.php\/03-09-2008-lausitzer-rundschau\/\">zum Artikel<\/a><\/p>\n\n\n\n<p>Nr. 6\/2008 &#8211; Kreisanzeiger f\u00fcr den Landkreis Elbe-Elster<br><strong>Erfolgreiche Premiere f\u00fcr Gewerbeschau<br>42 Unternehmen stellten in Doberlug-Kirchhain ihre Produkte und Dienstleistungen vor<br><\/strong>Landrat Klaus Richter hat am 5. April 2008 zusammen mit dem Gesch\u00e4ftsf\u00fchrer der Wirtschafts-f\u00f6rderungsgesellschaft Elbe-Elster mbH, Wilfried H\u00f6hne, die 1. Gewerbeschau in Doberlug-Kirchhain besucht.<br><a href=\"https:\/\/gerberei-oettrich.de\/gerberei\/index.php\/6-2008-kreisanzeiger-fuer-den-landkreis-elbe-elster\/\">zum Artikel<\/a><\/p>\n\n\n\n<p>19.04.2008 &#8211; BlickPunkt<br><strong>Laufen f\u00fcr guten Zweck<br><\/strong>Ein H\u00f6hepunkt des diesj\u00e4hrigen Fr\u00fchlingsfestes der Stadt Doberlug-Kirchhain ist der 1. Gerber- und Klosterstadtlauf am Sonnabend, 26. April.<br><a href=\"https:\/\/gerberei-oettrich.de\/gerberei\/index.php\/19-04-2008-blickpunkt\/\">zum Artikel<\/a><\/p>\n\n\n\n<p>12.04.2008 &#8211; BlickPunkt<br><strong>Gelungene Premiere<\/strong><br>Erste Gewerbeschau \u201eHandwerk und Dienstleistung\u201c in Doberlug-Kirchhain<br><a href=\"https:\/\/gerberei-oettrich.de\/gerberei\/index.php\/12-04-2008-blickpunkt\/\">zum Artikel<\/a><\/p>\n\n\n\n<p>28.03.2008 &#8211; Die Rheinpfalz<br><strong>Salzen, Trocknen, Schleifen und Walken<br><\/strong>Ein unangenehmer Geruch dringt in die Nase. Schwei\u00dfperlen laufen Manfred Oettrich \u00fcber die Stirn. Er reinigt die R\u00fcckseite eines abgezogenen Schaffells mit einem gro\u00dfen Messer. Der 42-J\u00e4hrige aus Doberlug-Kirchhain (Kreis Elbe-Elster) ist einer der letzten Gerbermeister Brandenburgs. Das einst weit verbreitete Handwerk ist heute fast ausgestorben.<br><a href=\"https:\/\/gerberei-oettrich.de\/gerberei\/index.php\/28-03-2008-die-rheinpfalz\/\">zum Artikel<\/a><\/p>\n\n\n\n<p>31.01.2008 &#8211; Lausitzer Rundschau<br><strong>Gerbermeister Dieter Glauche verstorben<br><\/strong>Doberlug-Kirchhain. Gerbermeister Dieter Glauche \u2013 einer der letzten seiner Zunft in Doberlug-Kirchhain \u2013 ist am Dienstag im Alter von 67 Jahren verstorben.<br><a href=\"https:\/\/gerberei-oettrich.de\/gerberei\/index.php\/31-01-2008-lausitzer-rundschau\/\">zum Artikel<\/a><\/p>\n\n\n\n<p>06.10.2007 &#8211; Lausitzer Rundschau<br><strong>Auf den Pfaden der alten Gerber durch Kirchhain unterwegs<\/strong><br>Doberlug-Kirchhain. Nicht nur das Fell gerben lassen kann man sich in Doberlug-Kirchhain \u2013 es besteht auch die M\u00f6glichkeit, sich durch Gerbermeister Manfred Oettrich auf historischen Spuren zu Gerberorten f\u00fchren zu lassen, die noch heute das Stadtantlitz pr\u00e4gen.<br><a href=\"https:\/\/gerberei-oettrich.de\/gerberei\/index.php\/06-10-2007-lausitzer-rundschau\/\">zum Artikel<\/a><\/p>\n\n\n\n<p>08\/2007 &#8211; Mopped<br><strong>Zugeschaut: So funktioniert Gerben<\/strong><br><a href=\"https:\/\/gerberei-oettrich.de\/gerberei\/wp-content\/uploads\/2022\/09\/zugeschaut_gerben.pdf\" target=\"_blank\" rel=\"noreferrer noopener\">zum Artikel<\/a> (pdf, 2,6 MB)<\/p>\n\n\n\n<p>26.05.2007 &#8211; Lausitzer Rundschau<br><strong>Auf den Spuren der Gerber im Stadtteil Kirchhain<\/strong><br>Zur 10. Tour aus dem Rad- und Wanderkalender, einer Tour auf den Spuren des Gerberhandwerks, konnte Elfriede Biskupski 28 Wanderfreunde aus nah und fern begr\u00fc\u00dfen. \u201eWir werden heute eine F\u00fchrung durch das Wei\u00dfgerbermuseum mit Dr. Andreas Hanslok erleben, anschlie\u00dfend wird der Gerbermeister Manfred Oettrich bei einem Stadtrundgang einige alte Gerbereien vorstellen &#8230;<br><a href=\"https:\/\/gerberei-oettrich.de\/gerberei\/index.php\/26-05-2007-lausitzer-rundschau\/\">zum Artikel<\/a><\/p>\n\n\n\n<p>01.09.2006 &#8211; Lausitzer Rundschau<br><strong>Ich gerbe den Leuten wieder das Fell<br><\/strong>Manfred Oettrich er\u00f6ffnet heute seine Gerberei in Doberlug-Kirchhain. Mit all seinem Mut wagt er den Schritt in die Selbstst\u00e4ndigkeit. Er sieht aber auch die fast 400-j\u00e4hrige Gerbertradition in der Stadt, die nicht sterben darf, wie er meint.<br><a href=\"https:\/\/gerberei-oettrich.de\/gerberei\/index.php\/01-09-2006-lausitzer-rundschau\/\">zum Artikel<\/a><\/p>\n","protected":false},"excerpt":{"rendered":"<p>www.mdr.de 05.11.2014Gerberei &#8211; Handwerk mit TraditionDie Ledergerberei findet heute noch zum gr\u00f6\u00dften Teil in Asien statt.Doch es gibt auch noch bei uns Fachleute, die mit den traditionellen Gerber-Handwerk seit langer Zeit vertraut. zdf.de &#8211; drehscheibe 15.10.2014Tradition im Doppelpack: GerberZwei Br\u00fcder und ein altes Handwerk: Andreas und Manfred Oettrich gerben Felle. Das hat in ihrer Familie [&hellip;]<\/p>\n","protected":false},"author":1,"featured_media":0,"parent":0,"menu_order":0,"comment_status":"closed","ping_status":"closed","template":"","meta":{"footnotes":""},"class_list":["post-192","page","type-page","status-publish","hentry"],"jetpack_sharing_enabled":true,"_links":{"self":[{"href":"https:\/\/gerberei-oettrich.de\/gerberei\/index.php\/wp-json\/wp\/v2\/pages\/192","targetHints":{"allow":["GET"]}}],"collection":[{"href":"https:\/\/gerberei-oettrich.de\/gerberei\/index.php\/wp-json\/wp\/v2\/pages"}],"about":[{"href":"https:\/\/gerberei-oettrich.de\/gerberei\/index.php\/wp-json\/wp\/v2\/types\/page"}],"author":[{"embeddable":true,"href":"https:\/\/gerberei-oettrich.de\/gerberei\/index.php\/wp-json\/wp\/v2\/users\/1"}],"replies":[{"embeddable":true,"href":"https:\/\/gerberei-oettrich.de\/gerberei\/index.php\/wp-json\/wp\/v2\/comments?post=192"}],"version-history":[{"count":20,"href":"https:\/\/gerberei-oettrich.de\/gerberei\/index.php\/wp-json\/wp\/v2\/pages\/192\/revisions"}],"predecessor-version":[{"id":365,"href":"https:\/\/gerberei-oettrich.de\/gerberei\/index.php\/wp-json\/wp\/v2\/pages\/192\/revisions\/365"}],"wp:attachment":[{"href":"https:\/\/gerberei-oettrich.de\/gerberei\/index.php\/wp-json\/wp\/v2\/media?parent=192"}],"curies":[{"name":"wp","href":"https:\/\/api.w.org\/{rel}","templated":true}]}}