{"id":341,"date":"2022-09-22T14:32:39","date_gmt":"2022-09-22T12:32:39","guid":{"rendered":"https:\/\/gerberei-oettrich.de\/gerberei\/?page_id=341"},"modified":"2022-09-22T14:32:39","modified_gmt":"2022-09-22T12:32:39","slug":"6-2008-kreisanzeiger-fuer-den-landkreis-elbe-elster","status":"publish","type":"page","link":"https:\/\/gerberei-oettrich.de\/gerberei\/index.php\/6-2008-kreisanzeiger-fuer-den-landkreis-elbe-elster\/","title":{"rendered":"6\/2008 &#8211; Kreisanzeiger f\u00fcr den Landkreis Elbe-Elster"},"content":{"rendered":"\n<h4 class=\"wp-block-heading\">Erfolgreiche Premiere f\u00fcr Gewerbeschau<\/h4>\n\n\n\n<p><strong>42 Unternehmen stellten in Doberlug-Kirchhain ihre Produkte und Dienstleistungen vor<\/strong><\/p>\n\n\n\n<p>Landrat Klaus Richter hat am 5. April 2008 zusammen mit dem Gesch\u00e4ftsf\u00fchrer der Wirtschaftsf\u00f6rderungsgesellschaft Elbe-Elster mbH, Wilfried H\u00f6hne, die 1. Gewerbeschau in Doberlug-Kirchhain besucht. 42 Unternehmen der Stadt haben sich an 18 Standorten mit Schauvorf\u00fchrungen, Mitmachangeboten, Vortr\u00e4gen, Pr\u00e4sentationen und Betriebsrundg\u00e4ngen beteiligt. Eine Chance f\u00fcr die einheimischen Unternehmen, Produkte und Fertigkeiten einem breiten Publikum vorzustellen.<br>Die 1. Gewerbeschau Handwerk &amp; Dienstleistung war die gr\u00f6\u00dfte Veranstaltung, die der Gewerbestammtisch der Stadt bislang organisiert hat. Und im kommenden Jahr soll es wegen des Erfolges eine Fortsetzung geben. \u201eEinen Stammtisch kann man nicht verordnen, den m\u00fcssen alle Beteiligten selbst wollen, dann stellen Unternehmer, wie hier in Doberlug-Kirchhain geschehen, auch etwas auf die Beine\u201c, sagte Landrat Klaus Richter bei der Er\u00f6ffnung der Schau. Und er f\u00fcgte hinzu: \u201eEs ist wichtig, unseren jungen Leuten aufzuzeigen, was vor Ort alles los und m\u00f6glich ist. Nur so kann es auch gelingen, sie in der Region zu halten. Da m\u00fcssen wir alle gemeinsam anpacken. Die Gewerbeschau ist daf\u00fcr ein hervorragender Ansatz.\u201c <\/p>\n\n\n\n<p><em>tho<\/em><\/p>\n\n\n\n<figure class=\"wp-block-image aligncenter size-full\"><img loading=\"lazy\" decoding=\"async\" width=\"500\" height=\"337\" src=\"https:\/\/gerberei-oettrich.de\/gerberei\/wp-content\/uploads\/2022\/09\/presse_06_2008.jpg\" alt=\"\" class=\"wp-image-269\" srcset=\"https:\/\/gerberei-oettrich.de\/gerberei\/wp-content\/uploads\/2022\/09\/presse_06_2008.jpg 500w, https:\/\/gerberei-oettrich.de\/gerberei\/wp-content\/uploads\/2022\/09\/presse_06_2008-300x202.jpg 300w\" sizes=\"auto, (max-width: 500px) 100vw, 500px\" \/><figcaption>In der Gerberwerkstatt von Manfred Oettrich (l.): Der Vorsitzende der Stadtverordnetenversammlung, Lutz Kilian, Landrat Klaus Richter und Wilfried H\u00f6hne, Gesch\u00e4ftsf\u00fchrer der Wirtschaftsf\u00f6rderungsgesellschaft Elbe-Elster mbH (v. l. n. r.), lassen sich das seltene Handwerk vom Firmeninhaber und Meister erl\u00e4utern.<\/figcaption><\/figure>\n\n\n\n<div class=\"wp-block-buttons is-layout-flex wp-block-buttons-is-layout-flex\">\n<div class=\"wp-block-button\"><a class=\"wp-block-button__link has-background\" href=\"https:\/\/gerberei-oettrich.de\/gerberei\/index.php\/artikel-aus-der-presse\/\" style=\"background-color:#a35235\">zur\u00fcck<\/a><\/div>\n<\/div>\n","protected":false},"excerpt":{"rendered":"<p>Erfolgreiche Premiere f\u00fcr Gewerbeschau 42 Unternehmen stellten in Doberlug-Kirchhain ihre Produkte und Dienstleistungen vor Landrat Klaus Richter hat am 5. April 2008 zusammen mit dem Gesch\u00e4ftsf\u00fchrer der Wirtschaftsf\u00f6rderungsgesellschaft Elbe-Elster mbH, Wilfried H\u00f6hne, die 1. Gewerbeschau in Doberlug-Kirchhain besucht. 42 Unternehmen der Stadt haben sich an 18 Standorten mit Schauvorf\u00fchrungen, Mitmachangeboten, Vortr\u00e4gen, Pr\u00e4sentationen und Betriebsrundg\u00e4ngen beteiligt. [&hellip;]<\/p>\n","protected":false},"author":1,"featured_media":0,"parent":0,"menu_order":0,"comment_status":"closed","ping_status":"closed","template":"","meta":{"footnotes":""},"class_list":["post-341","page","type-page","status-publish","hentry"],"jetpack_sharing_enabled":true,"_links":{"self":[{"href":"https:\/\/gerberei-oettrich.de\/gerberei\/index.php\/wp-json\/wp\/v2\/pages\/341","targetHints":{"allow":["GET"]}}],"collection":[{"href":"https:\/\/gerberei-oettrich.de\/gerberei\/index.php\/wp-json\/wp\/v2\/pages"}],"about":[{"href":"https:\/\/gerberei-oettrich.de\/gerberei\/index.php\/wp-json\/wp\/v2\/types\/page"}],"author":[{"embeddable":true,"href":"https:\/\/gerberei-oettrich.de\/gerberei\/index.php\/wp-json\/wp\/v2\/users\/1"}],"replies":[{"embeddable":true,"href":"https:\/\/gerberei-oettrich.de\/gerberei\/index.php\/wp-json\/wp\/v2\/comments?post=341"}],"version-history":[{"count":1,"href":"https:\/\/gerberei-oettrich.de\/gerberei\/index.php\/wp-json\/wp\/v2\/pages\/341\/revisions"}],"predecessor-version":[{"id":342,"href":"https:\/\/gerberei-oettrich.de\/gerberei\/index.php\/wp-json\/wp\/v2\/pages\/341\/revisions\/342"}],"wp:attachment":[{"href":"https:\/\/gerberei-oettrich.de\/gerberei\/index.php\/wp-json\/wp\/v2\/media?parent=341"}],"curies":[{"name":"wp","href":"https:\/\/api.w.org\/{rel}","templated":true}]}}